-1
Calculate -7 - (-5 + -3 + -3).
4
Calculate (10 - 17) + 5 - 3.
-5
-14 + 11 - ((-1 - 0) + 6)
-8
4 - (8 + -9 + (-1 - -12))
-6
Evaluate -2 - (3 + -2 + -1 + -2).
0
Evaluate -3 + (0 - (-3 + 2)).
-2
Calculate 3 + 2 + (3 - 14) + 5.
-1
What is 3 - (-1 + -6 + -6 + 12)?
4
Evaluate -10 + (13 - (11 - 3)).
-5
Calculate -3 + -2 + 15 + -3.
7
Calculate -1 + 7 + -3 + 2.
5
What is the value of 1 + (-4 + 8 - 5 - -1)?
1
What is the value of 2 - (3 - (-3 + 6) - 0)?
2
Evaluate 1 - (5 - 5 - 2).
3
What is 1 + 0 - (8 + (1 - 7))?
-1
Evaluate -2 + (4 - 1) - 4.
-3
What is the value of 5 + (-7 - (4 + -2)) - -4?
0
Evaluate -7 + -4 + 6 + 2.
-3
Calculate -133 - -128 - (-2 - (7 - 2)).
2
What is the value of -2 + -7 + -1 - -6?
-4
Evaluate 13 + -21 - (-5 - (-2 + 0)).
-5
Evaluate -6 - (9 + (-13 - 1)).
-1
Evaluate 30 + -35 + (9 - -2).
6
What is the value of 2 - ((-1 - -6) + -3)?
0
2 + -2 + 6 + -7 + -2
-3
What is 8 - (6 + -1 + 0)?
3
What is the value of 5 + -3 + -3 + 0 - -11?
10
-1 - 6 - (5 - (3 + 4))
-5
0 + 6 + -2 - 6
-2
Calculate 2 - (11 - 8 - (1 - -5)).
5
What is -1 - 0 - (13 - 12)?
-2
(0 - (5 + 5 + -12)) + 5
7
Calculate 7 - (-3 + 0 + 6 + 1).
3
Calculate (-8 - -4) + (-2 - -7).
1
Calculate 7 - 1 - (13 - (12 + -9)).
-4
What is the value of -1 + (1 - -2) + -1 + 4?
5
What is 3 + -6 - (4 - 2) - 0?
-5
Calculate -31 + 12 + 10 + 3.
-6
What is -6 + -1 + 2 + 1?
-4
Evaluate (2 - 6) + 2 + -3.
-5
What is the value of -23 + 14 + -5 + 3 + 5?
-6
-5 - (4 - 6) - -4
1
Evaluate 9 + -9 + 1 + -6 + 10.
5
What is 4 + 11 - 6 - (2 + 2)?
5
Calculate -16 - (-9 - 1) - -10.
4
What is 2 - (3 - 1 - 5) - 8?
-3
What is the value of -6 + 11 + -6 - -3?
2
Evaluate -4 + (-3 - -4) + -1 + 2.
-2
What is 10 + 8 + 2 + -13?
7
Calculate (-1 - -2 - 1) + -1 + -1.
-2
Evaluate -4 - (-1 + 6 - 14).
5
0 + 1 - (-39 + 33)
7
Calculate (-4 - (-7 - 2) - -5) + -6.
4
What is the value of (0 + 1 - 4) + 2?
-1
Calculate (2 - -3) + 7 + -4 - 6.
2
Evaluate 7 - (7 - 0) - (1 - 0).
-1
Evaluate 0 + (-7 - -2 - -8).
3
What is -8 + 7 + (0 - -1) + 1?
1
Calculate 1 - ((3 - (10 + -2)) + 10).
-4
What is the value of 11 + -11 + (4 - (3 - -2))?
-1
-8 + 2 + 3 + 1 - 2
-4
Calculate -4 - (3 + 3 + -2 + -6).
-2
Evaluate 40 + -43 - (1 + -2).
-2
What is the value of -4 + 1 - -5 - 2?
0
Calculate 0 - (-5 + 2) - 4.
-1
2 + -2 - -2 - (8 - 13)
7
-6 + 3 - (-2 + (-2 - -1))
0
What is -4 - -10 - (-1 + 7)?
0
2 + (1 + -1 - (-58 + 70))
-10
What is the value of -2 + 5 + (0 - 2)?
1
What is the value of 7 + -4 - (-6 - -6)?
3
What is the value of 5 + (-27 - -7 - 0) + 7?
-8
Evaluate -1 + 4 - (14 + -28 - -25).
-8
-6 - (1 + -5 - -7 - 6)
-3
What is -6 - -4 - 2 - 0?
-4
(-52 - -55) + (-9 - 1) + 5
-2
Evaluate -3 + 0 + 3 + 2.
2
Calculate (-4 - (-2 - 7)) + 0 + 1.
6
What is the value of (6 - 5) + (-1 - 7) - -1?
-6
8 + -1 + (8 - -2) + -14
3
Calculate 1 - (-7 + (-5 - -16)).
-3
Evaluate 98 - 118 - (1 - 14).
-7
Evaluate 1 + 1 - (-11 - 3 - -15).
1
Evaluate (-2 + 3 - (-4 + 5)) + 4.
4
Evaluate 4 + -2 - (-59 + 65).
-4
Calculate 14 + (17 + -8 - 19).
4
What is (-7 - (1 + -13)) + 1 + -3?
3
-3 + 3 + -1 - (-35 - -41)
-7
Calculate -1 - (-5 + 6) - 0.
-2
Evaluate (1 - -1) + -6 + -6 + 7.
-3
Evaluate 7 - (0 + 3 + -5 - -4).
5
What is 5 + 6 + -4 + -3?
4
Calculate 1 + -15 + 6 + 8.
0
What is the value of (19 - 26) + (0 - (-7 + 0))?
0
Calculate -8 - (-9 - (5 + 1 - 9)).
-2
What is -6 + (4 - 0) - (-6 - -4)?
0
(0 - 0) + (1 - -2)
3
Evaluate 6 + -2 + 1 + 0.
5
What is the value of -1 + 0 + (1 - 2) - 0?
-2
2 - 3 - 0 - (-4 - 1)
4
What is 1 + -5 + (21 - (-4 - -13))?
8
What is -4 - (17 - 13 - 11)?
3
What is -7 - (3 + 2 + -6 + -2)?
-4
Evaluate 331 - 332 - (1 - (1 + 4)).
3
-11 - (-10 - (-7 + 5))
-3
Evaluate -1 + 6 - (-9 + 14).
0
Evaluate 14 - (4 - (1 - 8)).
3
What is -11 + (1 - (8 + -13))?
-5
Calculate 1 + 3 - (-3 + 8 + 0).
-1
What is the value of -2 + 6 - (-1 - 1 - -4)?
2
What is 2 + (14 - 22) - 2?
-8
What is the value of -1 + 7 - (15 + (2 - 14))?
3
Calculate -4 - (10 - (6 + 16)).
8
Calculate -7 + 7 - -2 - 3.
-1
What is the value of (-7 - 0) + (-6 - -11)?
-2
What is -7 + 0 + -8 + 12?
-3
Evaluate 10 + -4 - (2 + 6).
-2
What is (-9 - -24 - 12) + -1?
2
What is the value of 3 + (-20 + 18 - (-2 - 1))?
4
Evaluate 2 + -12 - (-6 + 1).
-5
Calculate -5 + (1 - (-1 + -4)).
1
What is the value of 6 + (-4 - (0 + 6))?
-4
Calculate -5 + (0 - (3 + -1 + -4)).
-3
-1 + -2 - -5 - (6 - 1)
-3
What is the value of 5 + -4 - (-1 - 2)?
4
What is 1 + -2 + -4 - 0?
-5
What is ((-1 - 4) + 3 - -5) + 0?
3
What is the value of 2 - ((6 - (-1 + 4)) + 0)?
-1
What is the value of (21 - 24) + -1 + 1 + 12?
9
Evaluate 0 - ((39 - 32) + 0 + -8).
1
What is 8 + (-20 - -12) + 0?
0
Evaluate (-3 - -1) + (-5 - (7 - 14)).
0
What is the value of (-9 - (2 + 0 + -9)) + -2?
-4
-3 + 10 + -7 - 9
-9
What is the value of -5 + -1 + (15 - 7) + 5?
7
Calculate (2 - (6 - 4) - -4) + -4.
0
Calculate 3 - (5 - -2 - 3).
-1
Evaluate 4 - (7 - -4) - -6.
-1
Evaluate -10 + (22 - (8 - -1)).
3
What is -16 + 4 + -1 + 8?
-5
What is the value of -6 + 1 - (20 + -20)?
-5
(1 - -5 - 2 - -1) + -3
2
Calculate (-41 - -45) + (-2 - 9).
-7
(1 - 4) + (2 + -7 - -14)
6
What is -12 + 18 + (12 - 8)?
10
Evaluate (1 - 4 - 3) + (0 - -5).
-1
Calculate (0 + 1 - 6) + 0.
-5
314 + -317 + 2 + 2 + 0
1
Evaluate (0 - 1) + 57 + -50.
6
What is the value of -4 + (8 + 0 - 5 - -4)?
3
8 + -7 + 1 + 6 + -2
6
5 + 4 + -10 + 2
1
What is the value of 9 + -13 - (-8 - -2)?
2
What is (-2 - 1) + 6 - (4 + -1)?
0
What is the value of (14 - 17 - -4) + -10?
-9
What is (-1 - -1 - 2) + 4 - 2?
0
What is the value of 4 - (-2 - -2) - 7?
-3
What is the value of 7 + -1 + (-4 - 2)?
0
Calculate -7 - (-11 + 7 - -4).
-7
Calculate -9 + 9 + -4 - (-4 - 3).
3
-1 + -1 + (26 - 29) - -13
8
What is the value of (13 - 17) + 1 + 1 + 5?
3
What is the value of (-2 - 1) + -2 - -1?
-4
What is (-5 + 4 - 7) + 7?
-1
Evaluate 6 + -2 - -2 - 4.
2
Calculate -2 + -2 + 9 + (28 - 33).
0
What is the value of -9 + 5 + 5 - 5?
-4
0 + 9 - (17 + -13 + -2)
7
What is the value of -2 + 3 - (-8 - (-2 + -4))?
3
What is 2 + 0 + 1 - (-2 + 4)?
1
8 - 0 - ((2 - -3) + -4)
7
What is 1 - 1 - (2 + -2)?
0
Calculate -13 - ((-4 - -6) + -1 + -6).
-8
Calculate (-1 - 7) + 7 + 4 + 0.
3
What is -2 - (1 + 5 - (3 + 1))?
-4
What is the value of 1 + (-6 - (-2 - (-2 - -4)))?
-1
Calculate 1 + 4 + 8 + 1 + -13.
1
Calculate (-35 - -18 - -19) + 1 + 4.
7
Calculate -3 + (4 - 4) + 1.
-2
Calculate -11 + 18 + -11 + -4.
-8
What is the value of 163 - 156 - (0 - -5)?
2
Calculate -1 - (0 + 4 + -5).
0
What is 4 + (-4 - 6) + 5?
-1
What is 2 - (-2 - (1 + (3 - 3)))?
5
Evaluate (-1 - -7) + -6 + (-3 - -5).
2
What is the value of 2 + (-6 - -10 - 1) + -8?
-3
What is the value of (0 - -1) + 0 + 38 + -38?
1
28 + -35 - (-3 + -3)
-1
Evaluate -7 + 20 + -15 + 0 + -2.
-4
Calculate (4 - 1) + (-13 - -9).
-1
Calculate -1 - (-4 + (3 - -2) - 0).
-2
Calculate -9 - (-21 + 7) - 0.
5
Calculate (3 - 0) + 0 + (-8 - -7).
2
What is (4 - 7) + -1 - -3?
-1
-6 + (-7 - (-8 + -7))
2
Evaluate 2 + -5 + -1 + (3 - -5).
4
2 + 0 + (-2 - 0)
0
-8 - (-3 + 5 + -8 - -1)
-3
-10 + (3 - -2) - 0
-5
(-69 - -74) + 1 + 0 + -13
-7
What is 3 + 0 - (13 - 7 - 3)?
0
-6 + 11 - (-1 + 11)
-5
2 - 0 - (14 + 9 + -22)
1
Evaluate -6 + 2 - ((-2 - 0) + 5).
-7
What is the value of -1 - (1 + -2 + 1) - 0?
-1
1 - (6 - 2) - -11 - 4
4
Calculate 5 - (-11 + 9) - 3.
4
Evaluate 8 + (-3 - (-1 + (-3 - -4))).
5
What is -6 + 1 + 2 + -5 + 5?
-3
What is the value of 0 - -2 - (6 + -5) - 1?
0
-4 + 0 + (12 - 7)
1
Evaluate (-12 + 5 - 0) + 11.
4
Calculate -4 - (7 - (-3 + 16)).
2
0 + 4 - (3 + 3)
-2
-2 - (3 - (5 + 0) - 1)
1
What is the value of 24 + -27 - (-8 + 0)?
5
What is the value of -7 + -7 + 7 - (-2 - 9)?
4
What is the value of -4 + (3 - (-5 - -9) - -10)?
5
Calculate 6 + (2 - 14) + 5 + 5.
4
What is the value of -2 + (0 - (-3 + 6))?
-5
What is -8 + 1 - (-2 - (-1 + 2))?
-4
What is (-19 - -10 - -11) + -1?
1
What is the value of 15 - 12 - (-6 - -3 - -3)?
3
Evaluate -3 + 6 + (2 - (8 + -5)).
2
What is the value of (0 - 6) + -9 + 7 + 6?
-2
Calculate -8 - (-1 - -4 - 6).
-5
What is the value of -4 + 13 + -7 - (-1 - 2)?
5
Calculate -4 + 4 + -4 - -2.
-2
Calculate -6 + 4 + (-1 - 1).
-4
What is the value of 4 + (3 - (3 - (6 - 5)))?
5
What is the value of -1 - (2 + 2 + -1 + 0)?
-4
Evaluate -6 + (9 - (1 - -5)).
-3
Evaluate -1 - (3 + -4 + -4 - -4).
0
What is the value of -8 - (-3 + -7 + 8 + -1)?
-5
Calculate 4 + 6 - 